 when v(-10) is divided by 8/(3/(3 - -3))?
15
Let j(f) = f**2 + 5*f - 21. Let b(i) = -2*i**3 - 4*i**2 - 4*i - 2. What is the remainder when b(-2) is divided by j(3)?
0
Suppose -2*g - g = -147. Let c = -75 - -49. Let v = c - -43. Calculate the remainder when g is divided by v.
15
Let n(s) = 2*s**2 + 2*s - 7. Calculate the remainder when n(-3) is divided by ((-10)/(-6) - 2)*-6.
1
Suppose 3*w + 5*z - 66 = 10*z, 4*w = 3*z + 77. Calculate the remainder when 78 is divided by w.
10
What is the remainder when (9/3 + -5)/(4/(-274)) is divided by 47?
43
Let g(j) be the first derivative of j**3/3 + j**2 - 8*j - 1. Let n be g(-6). Suppose n = f + f. What is the remainder when 14 is divided by f?
6
Calculate the remainder when 147 is divided by (-3*(-21)/(-28))/((-6)/80).
27
Suppose -4*w = 5*j + w - 5, 18 = 2*j - 2*w. Let q be j*(0 - 12/15). Let n = q + 23. What is the remainder when n is divided by 7?
5
What is the remainder when (-268)/(-5) + 6/15 is divided by (-2 - (-6)/4)*-2 - -13?
12
Suppose 0 = -64*g + 80*g - 96. Suppose 3*j - 7*j = -3*q + 1, -3*q - 2*j + 13 = 0. Calculate the remainder when g is divided by q.
0
Let c(q) = -q**3 - 7*q**2 - 6*q + 6. Let d(y) = 5*y - 1. Let k be d(-1). What is the remainder when 9 is divided by c(k)?
3
Let z(t) = t**3 - 4*t**2 - 4*t - 3. Let m be z(5). Suppose -196 = -8*y + 292. What is the remainder when y is divided by (m - 3)/((-1)/21)?
19
Let f be ((-7)/2)/1*2. Let j = f + 53. What is the remainder when j is divided by 16?
14
Let v(c) = -2*c + 1. Let d be v(-1). Suppose -2*k = d*b + 6 - 2, 2*k - 5*b = 12. Calculate the remainder when 1/(-2 + -1 + 4) is divided by k.
0
Let d(j) = -j**3 - 7*j**2 - 2*j - 4. Let c be d(-7). Let i = c + -6. What is the remainder when 11 is divided by i?
3
Let b = -50 + 59. What is the remainder when 33 is divided by b?
6
Calculate the remainder when 25 is divided by 11 + (-2)/(-4)*6.
11
Suppose -3*t + 8*t = 0. Let z = t - 2. Let i(d) = 11*d**2 - d + 1. What is the remainder when i(z) is divided by 12?
11
Let i(z) = z**2 - 5*z - 2. Let g = -17 + 24. Calculate the remainder when 35 is divided by i(g).
11
Suppose 10*v - 6 = 124. What is the remainder when 23 is divided by v?
10
Calculate the remainder when 145 is divided by (1/2)/((-3)/(-222)).
34
Suppose 5*q - 4*u = 27, 0 = 2*q - 5*q - u + 23. Suppose 2 = -k + q. Suppose -k*l + 108 - 3 = 0. What is the remainder when l is divided by 11?
10
Calculate the remainder when 65 is divided by (-3 - 5)*11/(-4).
21
Calculate the remainder when (11 - 24)*1*-1 is divided by 5.
3
Suppose 3*j + 2*k + 49 - 121 = 0, 0 = -2*j + 2*k + 58. Calculate the remainder when 75 is divided by j.
23
Let p(a) = -a - 4. Let b(f) = -f**2 + 4*f - 6. Let z be b(4). Calculate the remainder when 2 is divided by p(z).
0
Let p be ((-8)/(-6))/((-2)/(-6)). Suppose -12 = p*j, 5*j + 29 = 4*k - 2*k. Let v = 2 + 11. What is the remainder when v is divided by k?
6
Let b(x) = -5*x**2 + 4*x + 9. Let d(i) = -i**2 + i + 1. Let y(r) = b(r) - 6*d(r). Let n = 26 - 16. What is the remainder when n is divided by y(3)?
4
Suppose -4*l + n = -230, -4*n + 124 = -0*l + 2*l. Suppose -4*f + i = -4 - l, 4*i + 83 = 5*f. Calculate the remainder when 29 is divided by f.
14
Suppose -3*z + 152 + 28 = 5*c, 4*z = -20. Calculate the remainder when c is divided by 10.
9
Let s = 6 - 3. Suppose -16 = -s*x + x + 3*v, x + 2*v - 1 = 0. Suppose x*c = 4*w - 48, -4*c = -2*w - 2 + 26. Calculate the remainder when 33 is divided by w.
9
Suppose -3*v = -5*c - 206, 5*c = -v - 0*c + 62. Let n = v - 40. Suppose -3*k - 3*a - 19 + 76 = 0, -5*a = -k - 11. What is the remainder when n is divided by k?
13
Suppose 11 = 3*v + 2*w - 7*w, -11 = -v - 2*w. What is the remainder when 19 is divided by v?
5
Suppose 2*z + 0*z + 3*b - 27 = 0, 3*z = 4*b + 66. Suppose n = -4*n + 265. Calculate the remainder when n is divided by z.
17
Suppose 5*i = -3*n + 31, 1 + 3 = -3*n + 2*i. What is the remainder when n is divided by 2?
0
Let x be (3 - (3 + -3)) + 1. Suppose -141 = -x*b - 57. Calculate the remainder when b is divided by 6.
3
Let q(p) = 3*p - 3. Let r be q(3). Let j be (30 - -2)/(r/9). Suppose -19 = -c + j. Calculate the remainder when c is divided by 23.
21
Let f be (4 + -7 - -6) + (-1 - -24). Suppose -3*t + 1 = -0*n + n, -2*n - 2*t = -6. Calculate the remainder when 37 is divided by (f/(-6))/(n/(-12)).
11
Let y(x) = -x**2 - 10*x - 3. Let i be (-3)/12*0 + -4. Calculate the remainder when 41 is divided by y(i).
20
Let f(j) = -j**2 + 8*j - 10. What is the remainder when 4 is divided by f(6)?
0
Let g(y) = -6*y - 1. Let u be g(-3). Suppose 2*c - 90 = 3*l + l, c + 5*l = u. What is the remainder when c is divided by 13?
11
Let l be ((-21)/14)/((-3)/(-4)). Let g = 3 + l. Suppose -2*z - 1 = -3*z. Calculate the remainder when g is divided by z.
0
Suppose -3*x = 3*q - 153, -5*x - 48 + 297 = 3*q. Calculate the remainder when x is divided by (-17)/(-5 + 0 + 4).
14
Let a(n) = -11*n**2 + 5*n + 2. Let u be a(5). Let t be u/(-14) - 2/(-7). Suppose -4*w + 14 = -t. What is the remainder when w is divided by 3?
2
Suppose 3 = -3*y, 5*y + 141 = v + v. Calculate the remainder when v is divided by 14.
12
Let t(l) = 5*l**3 + l + 2. Let g(d) = -d**3 + d**2 + d - 1. Let u(i) = -g(i) - t(i). What is the remainder when (-38)/(-8) + 1/4 is divided by u(-1)?
1
Suppose -74 = -2*v - 28. Let z = v - 12. What is the remainder when 32 is divided by z?
10
Suppose g = 1 + 32. Let f = -8 + 13. Suppose f*n - 81 = -2*m, 28 = n - m + 9. What is the remainder when g is divided by n?
16
Suppose v + 4*h = 20, 0*h + h - 1 = 0. Let a(p) = 60*p**2 + 1. What is the remainder when a(1) is divided by v?
13
What is the remainder when 50 is divided by (1 + -6 - -21) + (-1)/(-1)?
16
Let o be 38/8 - (-4)/16. Suppose -d - 3*d - i + 23 = 0, -2*d - o*i = -25. Let x = -11 - -19. Calculate the remainder when x is divided by d.
3
Let s be 8/10*10/4. Suppose 2*r - 3*r = -s*w + 53, 5*w - 4*r = 125. Suppose -g + h + w = 0, h + 145 = 6*g - g. Calculate the remainder when g is divided by 10.
9
Suppose -x - 4*x + 4*f + 170 = 0, x + 4*f - 34 = 0. What is the remainder when x is divided by 7?
6
Let c(r) = 30*r**2 + r - 2. Calculate the remainder when c(1) is divided by 16.
13
Suppose -4*q + 82 = -10. Suppose -6*k - r = -3*k - 21, 3 = r. Calculate the remainder when q is divided by k.
5
Let h = 39 + -35. What is the remainder when 18/(6 + -3 - 2) is divided by h?
2
Let p = -11 + 1. Let u = p - -18. Suppose 0 = 9*j - 4*j - 70. What is the remainder when j is divided by u?
6
Suppose 0 = -4*c + c + 12. Let u be (-12)/(-16)*1*c. Suppose -2*a + 25 = t, -60 = -u*t - a - 0. What is the remainder when t is divided by 10?
9
Suppose 2*a = 4 - 34. Let b = -11 - a. Suppose -145 = -b*u - u + 3*i, -5*u + 175 = 3*i. Calculate the remainder when u is divided by 11.
10
Let c = -24 - -51. Calculate the remainder when 79 is divided by c.
25
Suppose 0 = -2*c + a + 110, 6*c - 4*c - 3*a - 114 = 0. Calculate the remainder when c is divided by 14.
12
Suppose 2*k - 4*k = -30. Suppose 0*a + 2*j = -5*a + 221, a + j = 46. Calculate the remainder when a is divided by k.
13
Let j be -1*1/(-1)*0. Let i(g) = g**2 + g + 13. Let n(b) = b**2 + b + 38. What is the remainder when n(0) is divided by i(j)?
12
Let v(p) = p**2 - 4*p. Suppose 2*h + o + 7 = -4, 10 = -2*o. What is the remainder when v(h) is divided by 12?
9
Suppose 3*m + 1 = -4*f + 26, 0 = -3*f + 4*m. Suppose 3*a - 116 = -5*y - a, 4*y = -f*a + 92. Calculate the remainder when y is divided by 13.
11
Suppose 0 = -2*o - 4 + 48. Let f(j) = j**2 - j. Let z be f(2). Suppose -2*i + y + 13 = 4*y, 0 = 2*y + z. What is the remainder when o is divided by i?
6
What is the remainder when (-46)/1*(-9)/18 is divided by 8?
7
Let l(m) = -25*m**3 - 2*m**2 - 2*m + 4. Let r(h) = h**2 - 1. Let k(d) = -l(d) - 3*r(d). Calculate the remainder when k(1) is divided by 14.
11
Let p(g) = 2*g**3 + 7 - 3*g**3 + 0*g + 6*g - 5*g**2. Suppose -2*b - 2*l + 50 = 0, -3*b - 4*l = -2*b - 25. Calculate the remainder when b is divided by p(-6).
4
Suppose -12 = -w - 1. What is the remainder when 54 is divided by w?
10
Suppose i - 4*i = -102. Let d(y) = 20*y - 111. Calculate the remainder when i is divided by d(6).
7
Let j = -21 - -52. Calculate the remainder when j is divided by 17.
14
Let g(c) = -c**2 + 1. Let l be